- 3*b**2/2 + 2. Give r(-2).
-2
Let t(j) = -2*j**3 + 2*j**3 + 5*j**2 - 2 + 2*j**3 - j. Let y(m) = -8*m**3 - 21*m**2 + 5*m + 9. Let p(g) = -9*t(g) - 2*y(g). Calculate p(-2).
6
Let g be (2/3)/(2/3). Let b be (g - -1) + -1 + 1. Suppose b*i - 4*s = -10, 2*s - 12 = 3*i - s. Let y(l) = 2*l**2 + 5*l + 3. Calculate y(i).
6
Let y(h) be the third derivative of 4*h**2 + 0*h - 1/12*h**4 + 0 - 1/6*h**3. Calculate y(-3).
5
Let k(c) = -c**2 + 11*c - 8. Suppose 2*a = -4 + 24. Give k(a).
2
Let j(d) = -d**2 - 3*d + 3. Let l be j(2). Let z(u) = -u**2 - 13*u + 3. Let s(c) = c**2 + 16*c - 4. Let h(n) = 2*s(n) + 3*z(n). Give h(l).
1
Suppose -2 = -2*j - 12. Let i(b) = b - 3. Let c be (-6 + -2)/(1 + 0). Let s(v) = -3*v + 8. Let y(o) = c*i(o) - 3*s(o). Calculate y(j).
-5
Let z(y) = 2*y**3 - y. Let b(a) = 3*a - 7. Let q be b(7). Let o be (-7)/(q/4) + 1. Calculate z(o).
-1
Suppose -2*m + 9 = m. Suppose -2*f + f = m*w - 12, -f + 6 = w. Let i(p) = 5*p - 1. Determine i(f).
14
Suppose -3*j = -53 - 7. Let m(q) = j - 2*q + q - 5 + 0*q. Determine m(7).
8
Let x(j) be the second derivative of -j**4/6 + j**3/2 + 4*j**2 + 2*j. Let b(a) = 3*a**2 - 4*a - 12. Let q(m) = 5*b(m) + 8*x(m). What is q(4)?
4
Let g(a) be the first derivative of a**3/3 - a**2 - 3*a - 33. Calculate g(4).
5
Let a(r) = r**3 - r**2 - r. Let w be a(0). Let i(y) = 2*y**2 - 3*y**2 - 2*y + w*y + 5. What is i(-5)?
-10
Suppose -2*t = 2*y - 8, -4*y + 7 = 3*t - 2*y. Let z be ((-1 - 2) + 4)*t. Let d(f) = 5*f**3 - 1 - 15*f**3 - 4*f + 3*f. What is d(z)?
10
Let h(r) be the third derivative of -r**4/12 + 2*r**3/3 - r**2. Let y = -31 + 60. Suppose -3*v - 3 = -5*l, -2*v = 3*v + 3*l - y. What is h(v)?
-4
Suppose -22 + 4 = -3*s. Let o(u) = -u**3 + 5*u**2 + 5*u + 7. Calculate o(s).
1
Let h(y) be the second derivative of 4*y + 1/20*y**5 + 0*y**2 + 2/3*y**3 + 0 - 5/12*y**4. Calculate h(3).
-6
Let w(n) = -n**2 - 1. Let y(c) = -c**3 + 5*c**2 - 2*c - 2. Let f(h) = 2*w(h) + y(h). Calculate f(3).
-10
Let a(k) = -4*k + 3*k - 3 - 4 + k**2. Determine a(5).
13
Let q(y) be the second derivative of y**7/840 + y**6/90 - 7*y**5/120 - y**4/8 + 7*y**3/6 - 6*y. Let x(j) be the second derivative of q(j). Give x(-5).
7
Let t(y) = y**3 + 1. Let m(g) = 3*g**3 + g**2 + 2*g + 1. Let v(b) = m(b) - 2*t(b). Let x be (1 - 20/8)*-4. Let q be x/(-3)*(-1 + 2). Give v(q).
-9
Suppose 4*s = -c - 28, c - s + 6*s + 33 = 0. Let n(g) = -g - 10. Give n(c).
-2
Let p(j) = j + 1. Let n(x) = -5*x - 3. Let r(o) = -n(o) - 3*p(o). Let u(d) = d - 8. Let g be u(7). Let m = g + 2. Determine r(m).
2
Let a(r) be the third derivative of -7*r**4/24 - 2*r**2. Suppose 0 = 4*b + f - 4, -2*b - 2*f + 5*f = -2. Determine a(b).
-7
Let i(n) = -n**3 + 3*n**2 - 4*n + 2. Let g = -2 - -5. Let j = g + -1. Calculate i(j).
-2
Let d(x) = 2*x - 3*x**2 - 2*x**3 + 3 + 4*x**3 - 3*x**3. Suppose -3*r + 7 = v + 3, 0 = 2*v + 4*r - 8. Suppose v*w + 4 = 2*w. Give d(w).
-5
Let a be ((-3)/6)/(2/8). Let f be a/(-4) + 18/4. Let i(r) = 2*r - 1 + r**2 - 2*r - 5*r. What is i(f)?
-1
Let u(y) = -y + 4. Suppose -2*k = 3*l - k - 16, -k - 14 = -3*l. Let o = 0 + l. Determine u(o).
-1
Let x(t) = 1. Let w(j) = -j - 3. Let u(k) = -w(k) - 3*x(k). Let q(r) = 4*r - 3. Let m be q(2). Suppose m*o - 5 = -0*o. Give u(o).
1
Let s(z) = -z**3 - 8*z**2 - 10*z - 8. Let f be s(-7). Suppose 0 = -4*l - 4*n - 32, f = -3*l - 2*n - 6. Let p(y) = -y**3 - 2*y**2 + 2*y - 4. Give p(l).
-1
Let f(w) = w**3. Let p(b) = -4*b**3 - b**2 + 1. Let d(i) = -2*f(i) + p(i). Let u be (12/(-8))/1 + 1/2. Give d(u).
6
Let u(t) = t**2 - 3*t - 4. Let i be (3 + (-57)/(-6))*2. Suppose -2*a + 7*a = i. Calculate u(a).
6
Let p(t) = -t + 4. Let d be p(2). Let s(y) = 3*y - y + d - 5*y**2 + 3*y**2. Determine s(3).
-10
Let n = 12 - 10. Let c(d) = d**2 + 2 - 9*d + 11*d - n*d**2. Calculate c(3).
-1
Let u(n) = -15*n + 9. Let x(j) = 16 - 36 + 7*j + 16. Let g(d) = -6*u(d) - 13*x(d). Calculate g(4).
-6
Let f(h) be the third derivative of h**4/24 - 2*h**3/3 + h**2. Let q be (-3)/(18/(-4)) + (-70)/15. Calculate f(q).
-8
Let b be (-1)/(-2) - 7/(-2). Suppose 4*c = -5*g + 1, -b*c - 2*g + 7 = g. Let i(j) = -c*j + 0*j - 2 - 3*j + 4*j. Calculate i(-4).
10
Let x(i) = -6 - 1 - 6*i + i + 11. Calculate x(3).
-11
Let p(h) be the third derivative of h**5/60 - h**4/4 - 7*h**3/6 - 16*h**2. What is p(7)?
0
Let r = 3 + 0. Suppose r*l = -8 - 1. Let y(a) = a - 1. Determine y(l).
-4
Let d(x) be the second derivative of x**5/20 + 7*x**4/12 + x**3 - 7*x**2/2 - 15*x. What is d(-6)?
-7
Let b(c) = -5*c**2 - 2 - 3 + 3 - 5*c - c**3. Suppose 5*x + f + 20 = 0, -5*f = 5*x - 3*f + 25. Give b(x).
-5
Let d(q) = -3*q - 1. Let o(b) = -b + 1. Let z(l) = d(l) + 2*o(l). Suppose 4*i + 5 - 1 = 0. Let r = i - -2. What is z(r)?
-4
Let d(n) = 3*n + 1. Let q be d(-1). Let g(s) be the first derivative of s**2/2 - 2*s + 9. Determine g(q).
-4
Let g = -115 - -108. Let s(x) = x**2 + 8*x + 10. What is s(g)?
3
Let x(g) = 0*g + 2*g**3 + 5 + 3*g - 3*g**2 - 3*g**3. Suppose 0 = 5*i - i + b - 27, 0 = -4*i + 5*b + 33. Let l = -11 + i. Determine x(l).
9
Let z be -3 - (2/(-2) - 9). Let d(m) = m**2 - 5*m - 7. Let x(w) = -2*w**2 + 10*w + 13. Let c(h) = z*d(h) + 4*x(h). Give c(5).
3
Let q(c) = -c**3 - 12*c**2 - 12*c - 7. Let p(m) = -12*m + 1. Let s be p(1). Let j be q(s). Let w(g) = 3 + 0*g + j*g - g + 2. Give w(-5).
-10
Suppose -23 = 5*k + 2. Let p(h) = h + 1. What is p(k)?
-4
Let s(d) be the second derivative of -9*d + 1/2*d**2 - 1/6*d**3 + 0. Determine s(-3).
4
Let h(b) be the first derivative of b**4/4 + 5*b**3/3 + 2*b**2 + 3*b - 3. Let g = -15 + 26. Suppose g = -5*c - 4. Give h(c).
9
Let o(v) be the third derivative of v**5/60 + 5*v**4/24 - v**3/2 - 3*v**2. What is o(-7)?
11
Let t(f) = -f**2 - 6*f - 13. Let u(d) = 2*d**2 + 11*d + 27. Let b(r) = -7*t(r) - 3*u(r). Determine b(-7).
-4
Let i(g) be the second derivative of -g**4/12 + g**3/3 + g**2/2 + 15*g. Let u(f) = -f - 5. Let h be u(-4). Let p = 4 + h. What is i(p)?
-2
Let u(g) = -g**3 - 7*g**2 - g - 1. Let q be u(-7). Let o(j) = -j**3 + 5*j**2 + 4*j + 7. What is o(q)?
-5
Let t(o) = -o**2 + 5*o + 3. Let i be 3 - (-76)/16 - 1/(-4). What is t(i)?
-21
Let a = 10 - 6. Suppose -a*f = -2*x + 20, f - 6*f = 5*x - 5. Let c(v) = 2*v + 3. Give c(f).
-3
Let h(w) = -w**3 + 2*w**2 + 3*w + 2. Let p(t) = -t**3 - 6*t**2 - 11*t - 9. Let v be p(-4). Give h(v).
2
Let d(h) = 2 + 0 - 2*h + 0*h + 0. Let y be d(3). Let m(t) = -t**3 - 4*t**2 - t - 4. Calculate m(y).
0
Let z(p) = -4*p**2. Let w(n) = n**2 + 1. Let h(c) = -2*w(c) - z(c). Calculate h(-2).
6
Let p(s) be the first derivative of -s**4/4 + 2*s**3/3 - s - 3. Determine p(-2).
15
Let a(x) = -x. Let v(j) = -7*j - 1. Let z(u) = -3*a(u) + v(u). Determine z(3).
-13
Let k(i) be the first derivative of -i**6/120 + i**5/30 - i**4/6 + i**3/3 + 3*i**2/2 + 6. Let g(r) be the second derivative of k(r). Determine g(2).
-6
Let w(g) = -g**2 - g + 1. Let r(i) = -i**3 - 9*i**2 - 4*i + 6. Let s(l) = r(l) - 6*w(l). Give s(-4).
8
Suppose 3*l + p + 14 = -p, 4*l = 3*p - 13. Let b(d) be the second derivative of -6*d - 1/12*d**4 + 0 + 3/2*d**2 - 2/3*d**3. Calculate b(l).
3
Let j = 81 - 78. Let p(l) = l - 3. Determine p(j).
0
Let h(t) = -13*t**3 - t. Let c = -64 + 63. What is h(c)?
14
Let y(d) = -d**2 - 4*d + 10. Let c(s) = 3*s**2 + 11*s - 11. Let p be c(-4). Calculate y(p).
-11
Let n = 17 - 339/20. Let d(j) be the second derivative of j - 1/12*j**4 - n*j**5 + 0*j**3 - 1/2*j**2 + 0. What is d(-2)?
3
Let s(k) = 4*k + 1 + 8 - 6*k. Let z be ((-64)/112)/((-2)/21). Calculate s(z).
-3
Let w(m) = m + 9. Let a(u) = 5*u + 44. Let t(f) = -2*a(f) + 11*w(f). Calculate t(-9).
2
Let g = -30 - -18. Let y(m) = m + 14. What is y(g)?
2
Let z be ((-14)/6)/((-1)/3). Suppose 0 = -4*j - 0*j - 4*o - 4, -j + 19 = -3*o. Let c(q) = -j + 2*q - q - z + 7. Give c(4).
0
Let g(s) = -3*s + 3*s**2 + 2*s + 3*s - 5*s. What is g(2)?
6
Let k(c) = 6*c**3 + 5*c**2 - c - 1. Let b(i) = -i**3 + i**2. Let t(w) = -6*b(w) + k(w). Determine t(-1).
-13
Let z(h) be the first derivative of -h**6/180 - 7*h**5/120 - h**4/4 - 4*h**3/3 + 4. Let p(d) be the third derivative of z(d). Give p(-4).
-10
Let y(k) = -2*k**2 + 1 + k**2 - 2 - k. Let c(r) = r**3 + 10*r**2 + 4*r + 2. Let a(j) = -c(j) - 5*y(j). Let v be ((-1364)/(-24))/(-11) + 2/12. Calculate a(v).
-2
Let x(q) be the second derivative of q**3/6 - q**2 - 4*q. Determine x(